10?
2, 3, 5, 24077
What are the prime factors of 5645484?
2, 3, 13, 4021
What are the prime factors of 1037013?
3, 41, 8431
What are the prime factors of 23776?
2, 743
What are the prime factors of 710284?
2, 41, 61, 71
What are the prime factors of 360229?
360229
List the prime factors of 1717275.
3, 5, 7, 3271
List the prime factors of 743518.
2, 59, 6301
List the prime factors of 13460160.
2, 3, 5, 7, 2003
List the prime factors of 462004.
2, 19, 6079
What are the prime factors of 1404391?
1404391
What are the prime factors of 180767?
163, 1109
List the prime factors of 17720015.
5, 29, 122207
List the prime factors of 153761.
179, 859
What are the prime factors of 162186?
2, 3, 27031
List the prime factors of 364526.
2, 97, 1879
What are the prime factors of 4665621?
3, 19, 81853
What are the prime factors of 13111485?
3, 5, 874099
What are the prime factors of 391337?
391337
List the prime factors of 558255.
3, 5, 37217
List the prime factors of 726206.
2, 13, 17, 31, 53
List the prime factors of 206342.
2, 103171
List the prime factors of 218614.
2, 11, 19, 523
List the prime factors of 9471.
3, 7, 11, 41
List the prime factors of 25289.
11, 19
List the prime factors of 746679.
3, 248893
List the prime factors of 2597719.
17, 41, 3727
List the prime factors of 417424.
2, 7, 3727
What are the prime factors of 323855?
5, 7, 19, 487
What are the prime factors of 1633641?
3, 61, 79, 113
What are the prime factors of 14716052?
2, 13, 283001
List the prime factors of 27728637.
3, 47, 196657
What are the prime factors of 784206?
2, 3, 19, 2293
List the prime factors of 3261148.
2, 11, 137, 541
List the prime factors of 1110250.
2, 5, 4441
What are the prime factors of 1599872?
2, 29, 431
List the prime factors of 6994794.
2, 3, 1165799
What are the prime factors of 28099815?
3, 5, 1873321
What are the prime factors of 325932?
2, 3, 157, 173
What are the prime factors of 15169146?
2, 3, 29, 87179
List the prime factors of 4392015.
3, 5, 292801
What are the prime factors of 904003?
191, 4733
What are the prime factors of 6495206?
2, 3247603
What are the prime factors of 837299?
67, 12497
What are the prime factors of 2005218?
2, 3, 17, 6553
List the prime factors of 158697.
3, 7, 11, 229
List the prime factors of 766992.
2, 3, 19, 29
What are the prime factors of 4263632?
2, 266477
List the prime factors of 20345.
5, 13, 313
List the prime factors of 6897128.
2, 7, 29, 31, 137
List the prime factors of 20072.
2, 13, 193
What are the prime factors of 5376733?
23, 31, 7541
What are the prime factors of 995261?
277, 3593
What are the prime factors of 243926?
2, 121963
List the prime factors of 764568.
2, 3, 7, 37, 41
List the prime factors of 518174.
2, 97, 2671
What are the prime factors of 6179925?
3, 5, 17, 37, 131
What are the prime factors of 54158?
2, 13, 2083
What are the prime factors of 11687914?
2, 7, 281, 2971
List the prime factors of 1491175.
5, 7, 8521
List the prime factors of 55662.
2, 3, 9277
List the prime factors of 14877.
3, 19, 29
What are the prime factors of 1044512?
2, 7, 4663
List the prime factors of 6916407.
3, 131, 17599
What are the prime factors of 140935?
5, 71, 397
List the prime factors of 398914.
2, 199457
What are the prime factors of 885744?
2, 3, 6151
List the prime factors of 281876.
2, 7, 10067
List the prime factors of 298350.
2, 3, 5, 13, 17
List the prime factors of 2320356.
2, 3, 19, 10177
List the prime factors of 186510.
2, 3, 5, 6217
List the prime factors of 1425007.
1425007
What are the prime factors of 364972?
2, 91243
What are the prime factors of 241918?
2, 29, 43, 97
List the prime factors of 352254.
2, 3, 7, 8387
What are the prime factors of 3402049?
7, 227, 2141
List the prime factors of 12625835.
5, 31, 81457
What are the prime factors of 10528327?
347, 30341
What are the prime factors of 635061?
3, 7, 30241
What are the prime factors of 2497830?
2, 3, 5, 139, 599
List the prime factors of 2888085.
3, 5, 192539
List the prime factors of 1019173.
1019173
What are the prime factors of 64534?
2, 41, 787
What are the prime factors of 1183619?
101, 11719
What are the prime factors of 2163674?
2, 43, 139, 181
List the prime factors of 11875979.
17, 353, 1979
List the prime factors of 5151442.
2, 17, 103, 1471
What are the prime factors of 8086931?
8086931
What are the prime factors of 210215?
5, 42043
List the prime factors of 9996838.
2, 4998419
List the prime factors of 869032.
2, 23, 4723
List the prime factors of 1101175.
5, 17, 2591
List the prime factors of 1260044.
2, 315011
What are the prime factors of 266969?
19, 14051
What are the prime factors of 29475?
3, 5, 131
List the prime factors of 19436096.
2, 303689
List the prime factors of 849081.
3, 283027
What are the prime factors of 2437982?
2, 1218991
What are the prime factors of 6795163?
6795163
What are the prime factors of 43778?
2, 7, 53, 59
What are the prime factors of 3976759?
17, 223, 1049
List the prime factors of 8392.
2, 1049
What are the prime factors of 8192674?
2, 7, 17, 29, 1187
List the prime factors of 4074836.
2, 1018709
What are the prime factors of 467956?
2, 116989
List the prime factors of 624532.
2, 43, 3631
List the prime factors of 9360536.
2, 1170067
What are the prime factors of 646487?
83, 7789
What are the prime factors of 1089575?
5, 41, 1063
List the prime factors of 112285.
5, 17, 1321
What are the prime factors of 66534?
2, 3, 13, 853
List the prime factors of 3631833.
3, 403537
List the prime factors of 10538213.
7, 1505459
What are the prime factors of 9115251?
3, 29, 104773
What are the prime factors of 315503?
17, 67, 277
List the prime factors of 1390753.
7, 13, 17, 29, 31
What are the prime factors of 257312?
2, 11, 17, 43
What are the prime factors of 494773?
241, 2053
What are the prime factors of 354601?
13, 27277
What are the prime factors of 248110?
2, 5, 43, 577
List the prime factors of 5499796.
2, 631, 2179
What are the prime factors of 4337406?
2, 3, 240967
What are the prime factors of 11295207?
3, 7, 11, 1811
List the prime factors of 482404.
2, 13, 9277
List the prime factors of 115608.
2, 3, 4817
List the prime factors of 67846.
2, 33923
List the prime factors of 10124121.
3, 7, 482101
What are the prime factors of 4966656?
2, 3, 29, 223
What are the prime factors of 610926?
2, 3, 19, 23, 233
What are the prime factors of 24271664?
2, 19, 79841
What are the prime factors of 274155?
3, 5, 7, 373
What are the prime factors of 66049?
257
What are the prime factors of 17193117?
3, 47, 121937
What are the prime factors of 8765176?
2, 7, 156521
What are the prime factors of 5562962?
2, 41, 179, 379
What are the prime factors of 628976?
2, 19, 2069
List the prime factors of 1105046.
2, 552523
List the prime factors of 14936121.
3, 1659569
List the prime factors of 2713238.
2, 11, 19, 6491
List the prime factors of 303726.
2, 3, 223, 227
What are the prime factors of 84904?
2, 10613
What are the prime factors of 306488?
2, 7, 13, 421
List the prime factors of 4789606.
2, 661, 3623
List the prime factors of 25187170.
2, 5, 191, 13187
List the prime factors of 297467.
297467
What are the prime factors of 5685064?
2, 7, 11, 839
What are the prime factors of 14686536?
2, 3, 611939
What are the prime factors of 67158?
2, 3, 7, 13, 41
List the prime factors of 958616.
2, 119827
List the prime factors of 7777460.
2, 5, 19, 97, 211
What are the prime factors of 224755?
5, 79, 569
List the prime factors of 81058.
2, 40529
What are the prime factors of 751573?
139, 5407
What are the prime factors of 1319874?
2, 3, 219979
What are the prime factors of 1572092?
2, 17, 61, 379
What are the prime factors of 355524?
2, 3, 13, 43, 53
What are the prime factors of 155530?
2, 5, 103, 151
List the prime factors of 18935608.
2, 29, 81619
List the prime factors of 6323260.
2, 5, 61, 71, 73
List the prime factors of 305700.
2, 3, 5, 1019
List the prime factors of 1383315.
3, 5, 92221
What are the prime factors of 3988119?
3, 19, 31, 37, 61
List the prime factors of 166123.
271, 613
What are the prime factors of 1554485?
5, 19, 16363
What are the prime factors of 76944?
2, 3, 7, 229
What are the prime factors of 93479?
93479
List the prime factors of 160536.
2, 3, 6689
List the prime factors of 658572.
2, 3, 5488